y + 1. Let z(v) = v**2. Let o(g) = -d(g) + 2*z(g). Calculate o(h).
-1
Let f(d) = d**2 - 3*d - 3. Suppose 8*r = 12*r + 36. Let v be (12/r)/((-4)/12). Suppose b - 3*j + 8 = -0*b, 0 = -v*j + 16. Calculate f(b).
1
Let y(j) be the second derivative of -j**6/144 + j**5/120 - 13*j**4/3 + 52*j. Let o(w) be the third derivative of y(w). Give o(3).
-14
Let k(p) = -p**3 + 3*p**2 + 4*p + 1. Let q = 469 + -466. Calculate k(q).
13
Let p(b) be the third derivative of b**5/60 + b**4/2 - 8*b**3/3 - 255*b**2. Calculate p(-13).
-3
Let p = -570 - -576. Let j(v) = -v**3 + 7*v**2 - 6*v + 6. What is j(p)?
6
Let k = -20 + 20. Suppose a = 10 - k. Let d(n) = -n**2 + 9*n + 5. Give d(a).
-5
Let p = -101 + 107. Suppose -2*c - 4 = -34. Let w(b) = -3 - b**2 - 5 + 4 + c*b - 7*b. Calculate w(p).
8
Let z(y) = y - 5. Let s be z(9). Suppose -s + 31 = q. Let i(f) = f**2 - q + 27 + 3*f. What is i(-5)?
10
Let c(q) be the first derivative of -2*q**2 + 6*q - 75. Calculate c(7).
-22
Let s(o) = -o**3 - 11*o**2 - 12*o - 13. Let f = -215 - -205. What is s(f)?
7
Suppose 14*v + 99 = -13. Let w(u) = -u**3 - 9*u**2 - 10*u - 7. Determine w(v).
9
Suppose -a + 5*q + 33 = 0, 0 = -a + 2*q + 2*q + 29. Let f(o) = -a*o + 24*o - 12*o - 4 + 3. Calculate f(-6).
5
Let k(f) = 4*f**2 + 519*f**3 + 3*f - 520*f**3 + 3*f**2 - 4*f**2 - 4. Give k(4).
-8
Let d(g) = -g**2 - 21*g - 30. Let k(a) = 3*a**2 + 42*a + 48. Let i(r) = 5*d(r) + 2*k(r). Calculate i(23).
-8
Suppose -8*f + 5*y = -5*f - 6, -3*f = -y + 6. Let q(o) = 8*o + 22. Let a be q(f). Let n(x) = -x**3 + x**2 - x + 1. Give n(a).
15
Let b(q) = 3*q + 5. Let j(w) = -10*w - 15. Let r(o) = -7*b(o) - 2*j(o). Let z be r(-6). Let i(g) = 8 + g + 2 - 4 - z. Calculate i(-5).
0
Suppose -c - 20 = -6*c. Let h(t) be the second derivative of -t**4/12 + 7*t**3/6 - 5*t**2/2 - 2*t + 1597. Determine h(c).
7
Let a be ((-2)/(-6))/((-9)/(-81)). Let w be (28/(-12) - 5) + 4/a. Let t(g) = -g**3 - 6*g**2 - 2. Determine t(w).
-2
Suppose 5*g - 4*b + 13 = -0, -g = 4*b + 17. Let i(m) = -m**2 + 4. Let j(u) = -u**2 + u + 3. Let w(h) = -4*i(h) + 3*j(h). What is w(g)?
3
Let q be 1/6 + 92/8 + -11. Let t(u) be the second derivative of 0 + u**2 - q*u**3 - 1/12*u**4 - 8*u. Give t(-5).
-3
Let f(g) be the first derivative of 1/3*g**3 - 3*g - 4*g**2 - 16. Determine f(9).
6
Let g(t) be the second derivative of t**3/6 - 6*t**2 - 132*t. Determine g(7).
-5
Let o(z) = 2*z**2 - z**2 + 2*z**2 + 1358*z + z**3 - 1361*z - 2. Suppose -3*a - 2*g = -g + 11, 4*a + 11 = -5*g. What is o(a)?
-6
Suppose 0 = y - 5 + 1. Let m(k) be the first derivative of -k**3/3 + 3*k**2/2 - 2*k + 135. Give m(y).
-6
Let i(h) = 2*h - 64 + 128 - 64. What is i(-3)?
-6
Let u = -97 - -103. Let b(h) = 0*h**2 + 4*h - h**3 + 9 + u*h**2 - 11*h**2. Calculate b(-6).
21
Let n(q) = -q - 1. Let b(w) = w**2 + w + 3. Let d be b(0). Let y(p) = -2*p - 2. Let i(r) = d*y(r) - 8*n(r). Let v be i(-3). Let a(t) = 2*t + 6. What is a(v)?
-2
Let r(x) = x + 0*x + 8 - 9. Let k(s) = -3*s + 7. Let a(o) = -k(o) - 5*r(o). Let b be (3/(-6))/((-1)/6). Determine a(b).
-8
Let n = 1 - -1. Let h(d) = 0 - n*d**2 + 2 - d + d**2. Let b(p) = p**2 + 16*p + 35. Let w be b(-13). Determine h(w).
-10
Let t(h) = -8*h + 6*h + 5*h - 21 + 5*h. Let k be t(3). Let p(l) = 4*l - 2. Give p(k).
10
Let r(d) = d**2 + 5*d - 8. Let f be 1/2*(-11 + 1). Let s(t) = 8*t - 17. Let a(p) = -p + 1. Let c(n) = f*a(n) - s(n). Let q be c(6). Give r(q).
-2
Suppose 0 = 5*l - l. Suppose 3*x - k - 9 = -2*k, 4*x + 5*k - 1 = l. Suppose 3*v + r + 11 = -x*r, -5*r = 5*v + 15. Let t(d) = 2*d**2 + 3*d. Give t(v).
2
Let u = 64 - 64. Let i(y) be the first derivative of -y**5/20 + y**3/6 - 7*y**2 - 2*y + 1. Let a(k) be the first derivative of i(k). Give a(u).
-14
Let q(w) = 5*w - 9. Let o = 1 - -3. Let g(z) = 3*z - 5. Let f(t) = o*q(t) - 7*g(t). Determine f(4).
-5
Suppose n = -0*n. Suppose -w + 2 = 0, x + x + 3*w + 4 = n. Let c(l) = -4*l + 4. Let d(m) = 11*m - 12. Let r(f) = 17*c(f) + 6*d(f). Determine r(x).
6
Let b(i) = -5*i**2 + 2*i + 1. Let t(u) = 4*u**2 - 3*u. Suppose 3*o + 5*k = -1, 5*o - k = 2*k + 21. Let x(w) = o*t(w) + 2*b(w). Give x(3).
5
Let g be (5/2)/((-3)/6). Let u(y) = 4*y - 3. Let b = 34 + -39. Let x(l) = l. Let s(v) = b*x(v) + u(v). Determine s(g).
2
Let d(n) = -7*n - 1. Suppose -2*p = -p - 7. Suppose -p*u + 10*u - 3 = 0. Calculate d(u).
-8
Let l(a) be the first derivative of a**3/3 - a**2 - 5*a - 134. Let m(s) = -6*s**3 - 1. Let u = -3 + 2. Let b be m(u). Give l(b).
10
Suppose 2*n = 3*n + 1. Let w(s) be the third derivative of 31*s**4/24 - 299*s**2. Determine w(n).
-31
Let k(o) = 4800*o - 13 - 9 + 3 - 4797*o + 3. Determine k(9).
11
Let b(s) = -s - 9. Let x be b(0). Let i(c) = c + 9. Calculate i(x).
0
Let b(y) = -5*y + 1. Suppose r - 29*r - 28 = 0. Give b(r).
6
Let f(i) = -2*i + 15. Let h be f(11). Let s(u) = -5*u**2 + 10*u - 11. Let j(b) = -2*b**2 + 5*b - 5. Let w(x) = h*j(x) + 3*s(x). Let r = 2 - 7. Determine w(r).
2
Let i(b) = -b**3 - b**2 - b + 1. Let g(x) = 2*x + 2. Suppose 2*t = 3*t + 1. Let f be g(t). Let v be i(f). Let a(w) = -7*w**2 + 2*w - 1. Give a(v).
-6
Let x(d) = -7*d - 14. Let a(o) = -5*o - 13. Let l(v) = -3*a(v) + 2*x(v). What is l(-9)?
2
Let i(m) = -8 + 3014*m - 6029*m + m**3 + 3005*m + 4*m**2. Determine i(-6).
-20
Let d(a) = 2*a**2 + 5*a + 5. Let q(m) = 4*m**2 - 3*m - 4. Let o be q(-2). Suppose 0 = -2*u + 2*y - o, -y + 6*y - 9 = -4*u. Give d(u).
17
Suppose -5*q - 10 = 10. Let l(g) = -g - 3. Let m be l(q). Let y(x) = -x**2 - x + 1. Let t(p) = -3*p**2 + 1. Let b(o) = m*t(o) - 4*y(o). Calculate b(2).
9
Let w(x) be the first derivative of 3*x**4/4 - x**3/3 - x**2/2 - x - 243. Let z = -4 + 9. Suppose -z*m - 3 = 2. Give w(m).
-4
Let f = 6 - 2. Suppose -9 = -f*q + 11, 4*m + 4*q - 28 = 0. Let y(b) be the first derivative of b**2/2 - 2*b - 1. What is y(m)?
0
Let f be (1 - -4)*(32/10 - 3). Let b be f/6 - (-615)/90. Let s(q) = q**2 - 8*q + 3. Determine s(b).
-4
Let r(f) = -8*f**3 - f**2 - f + 1. Suppose t - 5 = -z, -4*t - 5 = z - 13. Let c be 9/z + (-2)/8. Let q be (1 - (0 - 1))/c. Give r(q).
-9
Let g be (9 + -4)*(-96)/20. Let t(c) = c**3 + 25*c**2 + 26*c + 56. Give t(g).
8
Let y(x) = 2*x**2 + x. Let j = -84 - -94. Suppose 0 = -3*l + 13 - j. Give y(l).
3
Let o be (-7 + 0)*(-22)/77. Suppose 2*l + 4*y = 4, -l + 4 = -5*y + o. Let z(h) = h**3 - h**2 - h - 2. What is z(l)?
0
Let z(n) be the first derivative of 0*n + 1/40*n**5 + 1/24*n**4 - 1/360*n**6 - 6 + 7/3*n**3 + 0*n**2. Let s(q) be the third derivative of z(q). Calculate s(-2).
-9
Let c(i) = i**3 - 10*i**2 + 7*i + 16. Let f(n) = n**2 + 4*n - 183. Let a be f(12). What is c(a)?
-2
Let m(x) = 8*x**2 - 8*x - 2. Let u(h) = -10*h**2 + 9*h + 2. Let f(q) = -6*m(q) - 5*u(q). Give f(-4).
22
Let f(y) = 3*y - 16. Let s be f(6). Suppose -d = s*p, -4*d = -5*p + d - 30. Let o(l) = 2*l**2 + 2*l - 2. Calculate o(p).
2
Let l(p) = -8*p**3 + 3*p**2 - 5*p + 3. Suppose -9*a = -372 + 363. Calculate l(a).
-7
Let c(f) = f**3 - 2*f**2 - 3*f + 8. Let z be c(2). Let r(g) = g - 2. Give r(z).
0
Suppose 12 = -6*h + 2*h. Let a(q) = 85*q - 2 + 67*q - 243*q + 85*q. Give a(h).
16
Suppose -8 = k + 1. Let m = k + 15. Let c = 0 - m. Let x(f) = -f - 1. Calculate x(c).
5
Suppose -3*j + 4*b + 6 + 28 = 0, 4*j = b + 28. Let c(a) be the second derivative of -a**5/20 + a**4/2 + a**3/3 - 5*a**2/2 + 1272*a + 4. Calculate c(j).
7
Let l(h) be the first derivative of -8 - 2*h + 2*h**2 - 1/3*h**3. Determine l(3).
1
Suppose 8*r - 6 = 5*r. Suppose 0 = 3*c + 5*m - 4, 2*c - 4*m + r*m = -8. Let y(h) = -148*h - 1. Let n(w) = 741*w + 4. Let i(z) = n(z) + 5*y(z). Determine i(c).
-3
Let c(p) = 3*p + 1. Let z(r) = -20*r - 4. Let w(f) = -5*c(f) - z(f). Give w(3).
14
Let o(r) = r. Let f be (-14)/5 - 2*(-5)/(-50). Let m(b) be the second derivative of -b**2/2 + 7*b. Let q(z) = f*o(z) - 4*m(z). Calculate q(4).
-8
Let d(y) = y**3 + 3*y**2 - 5*y - 3. Let w(v) = 14*v - 7. Suppose 0 = 2*k - 5 + 1. Let u be w(k). Let x = -25 + u. Determine d(x).
1
Suppose 3*s + 48 = -21*s. Let a(g) = -4*g**2 - 6*g - 2. Calculate a(s).
-6
Suppose -14 = -4*r + c, -7*r + 13 = -2*r + c. Let o be 8/5 - 2/(-5). Let w(v) = 1 + o*v + 0*v - 4*v - v**2. Calculate w(r).
-14
Suppose d = 6 + 11. Let k(i) = 16 + 2*i + d - 34 + i. What is k(2)?
5
Let t(y) be the first derivative of -y**4/4 + 7*y**3/3 + y**2/2 - 3*y + 7177. Let q = 15 + -8. 